 93?
93
What is the greatest common factor of 116493 and 1133?
103
What is the greatest common factor of 4382 and 322?
14
What is the highest common divisor of 7068 and 54948?
228
What is the highest common divisor of 55919 and 1194?
199
What is the greatest common factor of 21112 and 91?
91
Calculate the greatest common factor of 91 and 102732.
7
What is the highest common factor of 5 and 1362470?
5
What is the greatest common factor of 728 and 56602?
182
What is the greatest common factor of 78 and 6238?
2
Calculate the highest common factor of 57 and 1643994.
57
What is the greatest common factor of 1575 and 72639?
63
What is the greatest common factor of 376 and 66646?
94
Calculate the greatest common factor of 152 and 706819.
19
Calculate the greatest common factor of 65732 and 80.
4
Calculate the greatest common factor of 46176 and 84804.
444
What is the highest common factor of 538 and 6994?
538
Calculate the highest common factor of 11393811 and 429.
429
Calculate the highest common divisor of 402 and 8376.
6
What is the greatest common factor of 8691 and 579?
3
Calculate the greatest common divisor of 9744 and 4089.
87
What is the highest common factor of 19 and 55537?
19
What is the highest common divisor of 60 and 20616450?
30
Calculate the highest common divisor of 37030 and 4270.
70
What is the greatest common factor of 11 and 407?
11
Calculate the highest common divisor of 3801 and 44121.
21
Calculate the highest common divisor of 2384 and 9238.
298
Calculate the greatest common factor of 335 and 109277.
67
What is the highest common factor of 3060 and 624?
12
What is the greatest common divisor of 231672 and 784?
392
What is the greatest common factor of 204 and 1001164?
68
What is the greatest common factor of 43 and 2102786?
43
Calculate the greatest common factor of 4518 and 134.
2
What is the highest common divisor of 580 and 23084?
116
Calculate the greatest common divisor of 188220 and 6.
6
What is the greatest common divisor of 386 and 160769?
193
What is the greatest common factor of 114372 and 90368?
1412
Calculate the greatest common factor of 12 and 6844.
4
What is the greatest common factor of 1764 and 4979184?
588
Calculate the greatest common factor of 3042925 and 5.
5
What is the greatest common factor of 29733 and 17?
17
Calculate the greatest common divisor of 19485 and 90.
45
What is the greatest common divisor of 26151 and 437?
23
Calculate the greatest common divisor of 113223 and 4161.
219
Calculate the highest common divisor of 28 and 104678.
14
Calculate the highest common factor of 248 and 5264.
8
Calculate the greatest common factor of 215200 and 29052.
1076
What is the greatest common divisor of 36 and 149922?
18
What is the highest common factor of 38637 and 159?
159
Calculate the highest common divisor of 216 and 504.
72
Calculate the greatest common factor of 10 and 226870.
10
What is the highest common factor of 62431 and 1257?
419
Calculate the highest common factor of 2121 and 25149.
303
Calculate the highest common factor of 8112354 and 38.
38
Calculate the highest common factor of 31578 and 111.
3
Calculate the greatest common factor of 112295 and 925.
185
Calculate the highest common factor of 66598 and 28.
14
What is the greatest common divisor of 5073 and 68619?
267
What is the greatest common factor of 234 and 33111?
117
Calculate the greatest common divisor of 129 and 5375.
43
Calculate the greatest common divisor of 125 and 10800.
25
Calculate the highest common divisor of 1007 and 1113.
53
What is the greatest common divisor of 888 and 13476?
12
What is the highest common factor of 26791 and 219?
73
What is the greatest common factor of 76791 and 897?
39
Calculate the highest common divisor of 265 and 27613.
53
What is the highest common factor of 44 and 6838348?
44
Calculate the greatest common factor of 223555 and 5.
5
What is the greatest common divisor of 319421 and 97?
97
What is the greatest common divisor of 2109 and 5073?
57
What is the greatest common factor of 1898 and 182?
26
What is the highest common divisor of 25 and 94025?
25
What is the highest common divisor of 246592 and 128?
64
What is the greatest common factor of 1952 and 96?
32
What is the highest common factor of 143 and 26191?
11
Calculate the highest common divisor of 55 and 4985.
5
What is the greatest common factor of 214214 and 14872?
286
What is the greatest common factor of 11 and 1231?
1
What is the greatest common divisor of 7139 and 3388?
121
Calculate the highest common divisor of 8568 and 136374.
714
Calculate the greatest common divisor of 1150 and 4225675.
575
Calculate the greatest common factor of 225080 and 17680.
680
What is the highest common divisor of 428716 and 76?
76
Calculate the highest common divisor of 10 and 582155.
5
What is the highest common factor of 31960 and 1275?
85
What is the highest common divisor of 81982 and 4122?
458
What is the highest common divisor of 65 and 482833?
13
What is the highest common factor of 15 and 51080?
5
What is the highest common divisor of 1600 and 512?
64
What is the greatest common divisor of 111 and 1937912?
37
Calculate the highest common divisor of 622 and 1658563.
311
What is the highest common divisor of 9435 and 2035?
185
Calculate the greatest common divisor of 296 and 6890214.
74
Calculate the greatest common factor of 1548 and 1404.
36
What is the greatest common factor of 26956 and 3128?
92
Calculate the highest common divisor of 59450 and 41.
41
What is the highest common factor of 150 and 578130?
30
Calculate the highest common divisor of 258790 and 70.
70
Calculate the greatest common divisor of 2560 and 36.
4
What is the highest common divisor of 16995 and 5253?
309
Calculate the highest common divisor of 645 and 221235.
645
What is the greatest common factor of 3737 and 420059?
101
What is the greatest common divisor of 139842 and 17?
17
What is the highest common divisor of 406 and 17516?
58
Calculate the greatest common divisor of 18260 and 132.
44
Calculate the highest common factor of 615989 and 1595.
319
What is the highest common divisor of 45682 and 182?
182
What is the greatest common factor of 70058 and 46?
46
What is the greatest common divisor of 3 and 17981?
1
What is the highest common divisor of 15 and 36026?
1
Calculate the greatest common factor of 3804 and 65160.
12
What is the greatest common factor of 20208 and 1488?
48
What is the highest common divisor of 281240 and 267?
89
What is the greatest common factor of 890 and 680?
10
What is the greatest common divisor of 2548 and 165256?
364
Calculate the greatest common factor of 1 and 22881.
1
What is the greatest common factor of 1218 and 224?
14
Calculate the greatest common factor of 325 and 248225.
25
Calculate the greatest common divisor of 32613 and 112.
7
What is the highest common divisor of 238 and 11956?
14
Calculate the highest common factor of 3765899 and 311.
311
Calculate the greatest common divisor of 4314800 and 670.
670
What is the highest common factor of 21924 and 72152?
116
What is the greatest common divisor of 6188 and 54026?
238
What is the highest common divisor of 162127 and 46?
23
Calculate the highest common factor of 1674 and 60588.
54
Calculate the highest common factor of 6732 and 71196.
204
What is the highest common factor of 48 and 56040?
24
Calculate the highest common factor of 2901286 and 1758.
586
Calculate the greatest common factor of 308 and 503756.
44
What is the highest common factor of 160 and 3673120?
160
Calculate the highest common factor of 2321 and 88.
11
Calculate the greatest common factor of 1258 and 1813.
37
What is the highest common factor of 78214 and 18?
2
What is the highest common factor of 208 and 126386?
26
Calculate the highest common divisor of 255 and 645.
15
Calculate the highest common factor of 28725 and 3200.
25
Calculate the greatest common divisor of 76164 and 1122.
66
Calculate the highest common factor of 390 and 380.
10
Calculate the greatest common factor of 23 and 146602.
23
Calculate the highest common divisor of 88 and 7513.
11
Calculate the greatest common divisor of 472679 and 2034.
113
Calculate the highest common factor of 3176 and 16.
8
Calculate the highest common factor of 84112 and 4